rs of 2/z - 336/(-88)?
2
Let g = -109 - -144. List the prime factors of g.
5, 7
Suppose -2*g - 2 = 0, -3234 = -4*y - 5*g + 3*g. List the prime factors of y.
809
What are the prime factors of ((-2)/(-1))/(11/2596)?
2, 59
Suppose 0 = -5*t - 17 + 47. Suppose -5*j + 15 = 0, 4*u + 5*j - 21 = u. What are the prime factors of ((-3)/u)/(t/(-8))?
2
Let d(v) = v**3 - 12*v**2 - 11*v - 25. Let m be d(13). What are the prime factors of (-5 - -9)*46/m?
2, 23
Suppose -35*m + 1056 = -41*m. List the prime factors of 5*(3/(-30))/(2/m).
2, 11
Let b = 789 - -772. What are the prime factors of b?
7, 223
Suppose 5*p - 5 = 0, 0 + 1 = a - 4*p. Suppose -147 = 4*g - a*g. Suppose -2*d = 5*u - 0*d - 148, -5*u - 3*d + g = 0. What are the prime factors of u?
2, 3, 5
Let l(y) = -6*y**3 - 7*y**2 + 10*y + 7. What are the prime factors of l(-8)?
2551
Let z = 485 - 759. Let t = z + 456. List the prime factors of t.
2, 7, 13
Suppose -3*n - y + 5246 = 0, -2*n - 3*y = -1700 - 1788. What are the prime factors of n?
2, 5, 7
Let q(t) = t - 5. Let c be q(9). What are the prime factors of (2 - (-346)/c)*8/12?
59
Suppose 2*g + 3 = w - 0, g - 3 = -w. Let o be g*((-9)/(-6))/3. Suppose o*j + 4*j = t + 76, -3*j = -3*t - 48. What are the prime factors of j?
2, 5
Let u(q) = -2*q**2 + 6*q - 7. Let l be u(6). Let p be 305/(-45) + 2/(-9). Let y = p - l. What are the prime factors of y?
2, 3
Let z(y) = 4*y - 8. Let g be z(2). Let i = g + -1. List the prime factors of (-33)/(-2) + i/2.
2
Let f = 34 - -5. Let v = 55 - f. List the prime factors of v.
2
Suppose 0*d = -3*d - 4*q + 1267, 2*d - 883 = 5*q. List the prime factors of d.
3, 11, 13
Let f(i) = 45*i**2 - 47*i + 77. What are the prime factors of f(9)?
3299
List the prime factors of ((-58)/(-174))/(1/3351).
1117
Let j(s) = s**2 + s - 7. Suppose 0 = 3*t + t - 112. Let o = 20 - t. What are the prime factors of j(o)?
7
Let i be (-6)/(-2) + ((-2)/2 - 1). What are the prime factors of (-26)/39 + i/(-3)*-23?
7
Suppose 25*i - 7650 = -9*i. List the prime factors of i.
3, 5
Let c(h) = -4*h + 182. Let i(o) = -o**3 - 3*o**2 + 2*o + 8. Let v be i(-2). What are the prime factors of c(v)?
2, 7, 13
Let v(h) = h**2 - h + 4. Let p be v(4). Suppose 0 = -4*a + p + 152. Let k = -28 + a. List the prime factors of k.
2, 7
What are the prime factors of 6/(-8)*1*(8 + -228)?
3, 5, 11
Let g(n) = 30*n**2 - 10*n + 15. Let o be g(6). Suppose 2*f - o = -7*f. What are the prime factors of f?
5, 23
Let n = -1804 - -2022. List the prime factors of n.
2, 109
Let c(q) = -q + 9. Let j be c(7). Suppose -3*z + d + 576 = -j*d, 2*d = -5*z + 953. Suppose 5*u = -3*p + z, 2*u - 3*p - 83 = -2*p. List the prime factors of u.
2, 5
Let a be (8/10)/((-24)/(-60)). Suppose 0 = -3*z - 2*m - 8, 3*m = a*z + 2*m - 4. Suppose z = -3*i + i + 36. What are the prime factors of i?
2, 3
Let p = 82 + 5. List the prime factors of p.
3, 29
Let o = 193 - -165. List the prime factors of o.
2, 179
Suppose 46*l = 42*l + 24. Suppose -2*a + 661 = 3*b, -4*b + l*b - 419 = 3*a. List the prime factors of b.
7, 31
Let r = 37 + 7. Suppose -3*x - 30 = -5*f, -f - 48 = 3*x - 0*f. Let l = x + r. List the prime factors of l.
29
Suppose 3 = 4*m + 3*j, m + 0*m + 5 = 5*j. Suppose m*q + 2*q - 229 = -d, 2*q + 4*d - 220 = 0. List the prime factors of q.
2, 29
Suppose 2*f + 2*w - 430 = 0, w + 0*w - 635 = -3*f. Suppose 3*o = -5*b + 50 + 206, 4*b + 5*o - f = 0. What are the prime factors of b?
2, 5
Let f = -152 + 212. Let y(p) = -p**2 - 5*p - 9. Let q be y(-6). List the prime factors of (5/q - -1)*f.
2, 5
Let d be -5 + 3 + (73 - 6). Suppose -3*s + d = -61. List the prime factors of s.
2, 3, 7
What are the prime factors of (-5 + -3 - -10)/(2/3159)?
3, 13
Let i(d) = 34*d. Let y = -11 - -3. Let o = 9 + y. List the prime factors of i(o).
2, 17
Let u = 3 + -4. Let c(l) = -9*l - 1. Let v be c(u). List the prime factors of 4/v*4*16.
2
Let a(s) = -4 + 3 + 2*s**2 - 343*s**3 + 297*s**3. List the prime factors of a(-1).
47
List the prime factors of 7/((-567)/6) + (-785540)/(-756).
1039
Suppose -4*h + 984 = 4*r, -4*h = -2*r - 880 - 74. What are the prime factors of h?
241
Suppose -2423*n + 1946 = -2421*n. What are the prime factors of n?
7, 139
Suppose -5*j = 4*n - 2470 - 3238, 3*j - 5700 = -4*n. List the prime factors of n.
2, 3, 79
Let p(d) = 7*d + 164. List the prime factors of p(39).
19, 23
Let z = -141 + 24. List the prime factors of (35/(-15))/(3/z).
7, 13
Suppose 0 = -5*j - u - 6, -4*u = -18 + 2. What are the prime factors of 24/28*(23 + 0 + j)?
2, 3
Let n(l) = 17*l**2 + 4*l + 2. Let h = -51 - -48. What are the prime factors of n(h)?
11, 13
Suppose -22 + 3437 = 5*h. List the prime factors of h.
683
Let o(w) = 4*w**2 - 4*w + 1. Suppose -c = -2*c. Suppose c = -4*l + 5*l - 3. What are the prime factors of o(l)?
5
Let p be (-3)/(-2) + (-7)/(-14). Suppose p*o - 7*o = -195. Let d = -3 + o. List the prime factors of d.
2, 3
Let m(i) = 4*i + 12. Let n(q) = -5*q - 13. Let u(s) = 6*m(s) + 5*n(s). Let y be u(8). Let v = 6 + y. What are the prime factors of v?
5
Let q = 12 + -10. Let s(w) = 24*w + 1. Let k be s(q). Suppose 15 = -2*b + k. What are the prime factors of b?
17
Let q(c) = c + 3. Let k be q(-12). Let f = 12 + k. What are the prime factors of ((f - 3) + -1)*-5?
5
Let i be 483/84 - (-2)/(1*8). List the prime factors of 1015/i + 3/(-18).
13
Suppose 0*v + v = 4*g + 460, -g = 5*v - 2363. Let p = -281 + v. What are the prime factors of p?
191
Let w = 9277 - 4998. List the prime factors of w.
11, 389
Let j(x) = 3*x**2 + 6*x + 581. What are the prime factors of j(0)?
7, 83
Suppose 0*k = -k + 2*x + 25, 5*k - 109 = 2*x. Suppose 4*d + 0 = -3*r - k, 0 = -3*r - 2*d - 27. Let z = 18 - r. List the prime factors of z.
29
Let y = -21 - -19. Let i(w) = 2*w. Let r be i(y). What are the prime factors of (r/5)/(4/(-190))?
2, 19
Suppose 4 = -4*i - 44. Let o be (-476)/i + 4/(-6). Suppose 2*k - 29 = o. List the prime factors of k.
2, 17
Let f(u) = u - 1. Let w be f(3). Suppose 4 - 64 = -w*p. Suppose 2*h - p = -2. What are the prime factors of h?
2, 7
List the prime factors of ((-135)/54)/((-2)/4) - -632.
7, 13
Suppose 110*x - 141939 = 80811. List the prime factors of x.
3, 5
Suppose 0 = 3*x - 20*x. List the prime factors of (-163 - 6)/(-1 - x).
13
List the prime factors of -1 + 813 + 4*4/16.
3, 271
Let i(k) = -257*k - 378. What are the prime factors of i(-16)?
2, 1867
Let o be (-948)/(-18)*6/(-4). Let m(i) = i**3 - 8*i**2 + 4*i. Let y be m(5). Let a = y - o. What are the prime factors of a?
2, 3
Suppose 5*h - 29 = 2*z, 0 = 2*h - z - 5 - 7. Suppose 0 = -h*k + 2*k + 5*p + 128, 3*p + 36 = k. What are the prime factors of k?
3, 17
Suppose -o = -5*j + 2725, -5*j - 254 = -2*o - 2979. What are the prime factors of j?
5, 109
Suppose -5*l = 2*x + 22, 0 = -3*l - 2*x + 7*x - 7. What are the prime factors of 7*l/(-140) + 2368/10?
3, 79
Let l = -8 - -11. Suppose -v - 2*v + 18 = 2*p, -l*v - 4*p = -24. Let t(h) = 8*h - 6. List the prime factors of t(v).
2, 13
Let j(l) = 6*l**2 + 20*l + 23. Let u(y) = -2*y**2 - 7*y - 8. Let r(t) = t + 5. Let d be r(12). Let f(h) = d*u(h) + 6*j(h). List the prime factors of f(4).
2, 19
Suppose 0 = 5*l - m - 5400, 21*m = 17*m + 20. What are the prime factors of l?
23, 47
Let t(q) = -q**3 + 23*q**2 + 7*q - 36. What are the prime factors of t(21)?
3, 331
Let f be (-78)/(-12) + (-1)/2. Suppose -8 = -2*m - f. What are the prime factors of (m + 3 - -18) + -2?
2, 5
Suppose -826 - 3780 = -5*y + v, 0 = 4*y - 5*v - 3689. List the prime factors of y.
3, 307
Let c be -6*((-3)/1)/(-9). Let k be (2 - 3)/c*0. Suppose 25 = 2*l - 3*d, -3*l - l - 3*d + 23 = k. What are the prime factors of l?
2
Suppose -3*v + 2679 = 5*m, -10*v + 4428 = -5*v - 4*m. Suppose -5*s - v = -9*s. List the prime factors of s.
2, 3, 37
Suppose 0 = 7*s - 0*s - 91. Suppose -39 = -2*a - s. List the prime factors of a.
13
Let d = 110 + -45. Let r be 195/20*16/6. What are the prime factors of 725/d - 4/r?
11
Let q be 14/(-105) - (-4)/30. Let a = q + -4. Let x = 6 - a. List the prime factors of x.
2, 5
Let h(t) = 70*t**3 - 2*t**2 + 2*t - 1. Let p be h(1). Let z = 80 + -34. Let f = p - z. What are the prime factors of f?
23
Let z be (-2)/13 + (-5 - (-8395)/65). Suppose -2*i + 0*i + z = 5*p, 280 = 5*i + 5*p. What are the prime factors of i?
2, 13
Let d = 24 + -34. List the prime factors of -1